4
What is 2 - (1 + (-3 - (-4 + -2)))?
-2
What is the value of 5 + (-2 - 2) + 4?
5
Evaluate (-2 - (-1 + 1)) + (-11 - -9).
-4
Evaluate 4 + -1 + (1 - -3) + -2.
5
-4 + (6 - -1) + -6
-3
What is 1 + (1 - 1) - (-153 + 151)?
3
What is the value of 5 + 5 + -19 + 20?
11
Calculate (-3 - 13) + 30 + -21.
-7
What is (-27 - -28) + (-4 - (-1 + 0))?
-2
Evaluate -5 - (7 + -10) - -3 - 5.
-4
Evaluate 1 - (0 + 3) - (8 - 6).
-4
What is -1 + 0 - (13 + -13)?
-1
0 - (-10 + -2 + -7 + 13)
6
What is the value of 6 + 1 + (0 + 1 - 3)?
5
Calculate 1 + -4 + -3 + 4 + -2.
-4
(-5 + 0 - -11 - 1) + -2
3
What is the value of 1 + 2 + -2 - -2?
3
Calculate -20 + 22 - (-8 - (-2 - 1)).
7
Calculate -7 + -4 + 5 + 0.
-6
What is the value of -13 - (-4 + -2) - (-3 + 0)?
-4
Calculate -3 + 2 + -1 + -3.
-5
Calculate 1 + 3 + (0 - (-3 - -7)).
0
What is the value of -2 - (-15 + -9 + 20)?
2
Calculate (0 + 5 - -16) + -12.
9
What is 0 - -2 - (6 - 2)?
-2
1 + 3 + 4 - 3
5
What is the value of (-3 - (5 - 27)) + -5 - 6?
8
What is (0 - (2 - (-4 - 0))) + 1?
-5
-7 + 3 - (25 + -23)
-6
What is the value of 1 - (9 + 11 + -21)?
2
What is (-3 + -1 - -5) + 2 - -2?
5
What is (-8 + 9 - -1) + -1?
1
Calculate -3 + 3 - 3 - 1.
-4
Evaluate (-16 - -18) + 1 + -7 + 3.
-1
What is the value of (-1 + 0 - 4) + (-5 - -7)?
-3
-2 + 18 + -6 + -8
2
What is the value of 0 + 2 + -6 - (0 + -3)?
-1
(-7 - (-2 - 0)) + (-9 - -12)
-2
What is the value of (-15 + 8 - (-2 - 6)) + -2?
-1
Calculate -11 + 9 + (-2 - 0).
-4
Calculate -3 + -19 + 8 - -7.
-7
Evaluate -3 + 3 + (0 - -4 - 9).
-5
Evaluate 8 - (-4 + 0 + (9 - 2)).
5
What is the value of (3 + -13 - -18) + -11?
-3
Evaluate (-4 - (3 - 7)) + (-2 - -1).
-1
Evaluate -6 + (-2 - (-5 - -3)) + 1.
-5
Evaluate 4 - (6 + (2 - 1)).
-3
-4 + (15 - 7) + 3
7
Calculate 10 - 13 - 8 - -9.
-2
Evaluate (1 - -1) + (-4 + 3 - 1).
0
-1 + 3 - 2 - -4
4
-6 + (-2 - -10) - -4
6
What is 10 - -2 - (-17 + 2 + 22)?
5
What is (2 - (2 - (-2 + 3))) + 2?
3
Evaluate (-14 - (-22 + 8)) + -2.
-2
What is (-10 - (0 - (5 + -3))) + 3?
-5
What is 1 - (4 + (-8 - 0 - 2))?
7
8 - (-3 + 16 - 6)
1
What is 1 + 6 + 0 + -5?
2
What is -1 + -1 - (-10 + -4 + 13)?
-1
Calculate ((-2 - -5) + 1 - 2) + -1.
1
Calculate 8 + 9 + -1 + -12 + 3.
7
What is the value of 8 - ((-5 - -7) + 0)?
6
What is (2 - (-1 - 0)) + 2?
5
Calculate 5 - (-1 - (-1 - 0)).
5
Evaluate 2 + (1 - (-2 + 0 - -3)).
2
Evaluate (-1 - -1) + 12 + -7.
5
-3 + 4 - (2 + 0 + -2)
1
What is the value of -5 + -2 + 11 + -1?
3
4 - 7 - 0 - -5
2
What is -5 - -3 - (0 + -2)?
0
What is -1 + 2 + (-6 - 1) + 1?
-5
-1 + 6 + 0 - 6
-1
Evaluate 3 - ((8 - 7) + 5).
-3
Calculate -3 - (4 + 1 + -9).
1
What is 7 + (-11 - (-5 + 4))?
-3
-5 - -2 - (-11 + 3 - -3)
2
6 - (0 + (8 - 1))
-1
Calculate (3 - 7 - 0) + -1 + 3.
-2
What is 0 + 3 + (15 - 21) - 2?
-5
Calculate (3 - (2 + -1)) + (-2 - -4).
4
What is 6 + (-2 + 0 - 2) - 4?
-2
What is the value of 2 + -3 - (-13 + 9)?
3
What is (0 - (4 - -3)) + 10 + 0?
3
Calculate 3 + -9 - -6 - 6.
-6
Calculate -9 + (-2 - -3) - (-9 + 2).
-1
What is the value of 3 + -2 + -4 + 4?
1
Evaluate -6 + 4 - (3 - 4).
-1
Calculate (2 - 6) + (2 - -4).
2
What is the value of -2 - (-1 - (-1 - 3))?
-5
What is the value of 1 - ((3 - 10) + 4)?
4
Calculate -32 + 34 + 1 + -6.
-3
Evaluate 3 + -5 + (-9 - -6).
-5
Calculate (-3 - -2) + (3 - (-3 - -4)).
1
Calculate (-3 + 8 - 6 - 0) + 2.
1
What is the value of -30 + 29 + 9 + -3 + -3?
2
What is the value of (5 - -1) + (6 + -18 - -6)?
0
Calculate 18 - 21 - (0 + 3).
-6
What is the value of -25 + 25 + (-3 + 0 - -2)?
-1
Evaluate 0 - (11 + -5) - -5.
-1
Calculate (-2 - -2) + -2 + 2 - -2.
2
Calculate 5 + 5 + (-5 - -1) + -5.
1
Calculate 5 - -1 - (-7 + 12 + -4).
5
What is (-4 - -1) + (-3 + 4 - -2)?
0
Evaluate 3 + 1 + (33 - 38).
-1
Evaluate (-20 - -5 - -11) + 10 + -1.
5
Calculate (-3 - 1) + (2 - -2) + -10.
-10
What is 4 - (4 - (-2 + 4))?
2
Calculate (3 - 2) + (-13 - -9).
-3
What is the value of 1 - (0 + 0 - (-12 + 8))?
-3
What is the value of 5 + -2 + -2 + 7?
8
0 - 1 - -6 - (77 - 77)
5
Evaluate 3 - (0 + 4 + (-7 - -4)).
2
6 + -10 - (-3 + 5)
-6
Calculate 2 + 5 + -7 - (1 - 0).
-1
Evaluate 1 - (-10 + 3 + 2 - -4).
2
Evaluate (-4 - (0 + 0)) + -78 + 82.
0
What is -7 + (0 + 0 - (-6 - -3))?
-4
(-36 - -37) + (0 + -5 - 1)
-5
0 + 2 + (-35 - -28)
-5
1 + (-5 + 3 - -1) - 2
-2
What is 3 - (5 + -1 - -4)?
-5
Calculate 4 + (3 - 2 - 3) + 2.
4
-13 + 13 + (1 - 1)
0
What is the value of 1 + (0 + 2 - 1)?
2
(7 - 0) + -3 + 1 + -1
4
Evaluate -2 + 2 + -7 + 8.
1
Calculate 1 + (-4 - -8) + -3 + 3.
5
1 + -5 + 0 + (-8 - -15)
3
Calculate (5 - (14 - 1)) + 9.
1
What is (-86 - -82) + (-3 - 0)?
-7
0 + -4 - (1 - (10 + -1))
4
Evaluate -36 + 38 - (6 - 0) - 2.
-6
Evaluate (-5 - -10) + -2 + -8.
-5
-8 + 1 - (9 - 13)
-3
2 + (7 - 2) + 9 + -12
4
What is the value of -1 - -10 - (11 - 4)?
2
(-4 - -5 - 0) + -6
-5
Evaluate 2 + -1 - 5 - -6.
2
Evaluate (0 - -1) + 3 - 4.
0
What is -1 + (7 - 4 - 3)?
-1
Calculate 2 + 4 + 10 + -15 + -2.
-1
What is the value of -8 - (-6 - (1 + (-9 - -6)))?
-4
Evaluate -5 - -1 - (15 + -34 + 16).
-1
What is (-2 - 3) + 11 - -1?
7
Evaluate -7 - (-14 - (5 + -11)).
1
Calculate 9 - 3 - 3 - 2.
1
What is 4 - (4 + 4 + -4)?
0
What is the value of -4 + (-3 - (3 - 5))?
-5
Calculate 4 + 1 - (-22 + 33) - 0.
-6
-2 - -1 - (1 + -3) - 5
-4
What is 442 - 448 - (-10 - (1 - 2))?
3
Evaluate (4 - 0) + (-40 - -42).
6
-2 + (2 - 2) - -7
5
What is -2 + -1 + 1 - -4?
2
1 + -11 + 4 + 13 + -10
-3
What is the value of 3 + (-1 - 4) + 1 + -1?
-2
Calculate 5 + 0 + (0 - 2) + -3.
0
What is the value of -2 - (-6 - (-5 - (-5 + 3)))?
1
Evaluate 7 - (12 - 7) - -2.
4
What is -3 + -2 + 8 + (-1 - -2)?
4
Calculate -15 - -21 - (-2 - -9).
-1
What is the value of (4 - (-1 - 3)) + -1 + -2?
5
1 - (1 - -3) - (4 - 6)
-1
0 + 0 - (-5 - (5 + -5))
5
Calculate 5 + -1 + (0 - (3 + -3)).
4
What is -4 + (2 - -6) - 4 - -4?
4
Calculate 29 - 30 - (-5 - -1).
3
Evaluate 10 - 4 - (3 - 2).
5
What is 4 - (0 - (4 + -11))?
-3
Calculate (-3 - (-2 + 2 + -9)) + -6.
0
Evaluate 9 + -9 - (2 + -2).
0
2 - -7 - (7 + -5)
7
-1 + 3 + (0 - 3) + 6
5
-4 - (-5 + (-1 - -3))
-1
What is (-12 - -6) + 12 - 6?
0
Evaluate -1 + 2 + 4 + 8 + -19.
-6
2 + -1 - 2 - (3 + -1)
-3
Calculate -1 + -1 + (-3 - -2 - 0).
-3
What is 6 + -2 - (3 - (-2 - -2))?
1
(-5 - -9) + -2 + 2 + -3
1
What is (1 - 3) + (2 - (-4 - -6))?
-2
2 + -7 + 4 - (11 + -5)
-7
1 + -6 + (1 - 2) + 3
-3
What is -1 + -1 - (10 + -10)?
-2
What is -1 + 2 + -3 + -2?
-4
What is -3 - (-16 - -6) - (3 + 0)?
4
What is the value of 6 + (-49 - -53) + -1 + -6?
3
What is the value of (0 - 3) + (2 - 3)?
-4
Evaluate (4 - (3 - -4)) + 4.
1
Calculate (-8 - (-4 + 2)) + 12 + -9.
-3
What is the value of -2 + (-3 - -6) + 2 + 1?
4
5 + (3 - (-6 - -4) - 17)
-7
Evaluate (-9 + 3 - -8) + -2 + 2.
2
Evaluate 4 + (-5 - -6) + 2 + -5.
2
Evaluate -3 - (-5 + (2 - 0) + -2).
2
Calculate 1 - (2 + 6) - (-52 + 53).
-8
-5 - (-5 - 3) - 7
-4
What is the value of -2 + -1 + (6 - 2)?
1
Evaluate 6 + 2 - -1 - 3.
6
What is the value of (-9 - -6) + -1 + -1?
-5
What is 0 + 3 + -1 - 5 - -2?
-1
Calculate 25 + -17 + (-5 - 1).
2
What is the value of 10 + -2 + -6 + -7 + -2?
-7
What is the value of -2 + -10 + 5 - 5 - -6?
-6
-4 - (2 + -1 - 10)
5
-7 - ((3 - 4) + -4)
-2
Calculate -1 + 2 + 9 + -11 + 4.
3
What is the value of -1 - 5 - (-11 - -2 - 5)?
8
Calculate 3 + -1 + 3 + -6.
-1
4 - (-5 + -1 + 5 + -3)
8
What is the value of (1 + 1 - -1) + -9 + 7?
1
What is the value of 13 + (-6 - (16 - 5))?
-4
Calculate (4 - ((4 - -6) + -7)) + 2.
3
5 + -4 - (3 - (-8 - -5))
-5
Calculate -12 - (-12 + (3 - -3)) - 4.
-10
What is the value of -9 + (15 + -12 - -13)?
7
What is the value of -2 - 7 - (-3 + (-10 - -8))?
-4
Evaluate -3 + 1 - 0 - (-3 - -4).
-3
-1 + -2 + 5 - 3
-1
(8 - 4) + (-7 - -3) + 5
5
What is the value of (0 - 3) + (5 - 6)?
-4
What is -13 + -17 + 4 + 22?
-4
What is the value of 7 - 3 - (-9 - -7)?
6
What is 1 + -3 + -4 - (-10 + 2)?
2
What is the value of -3 + 0 + (4 - 5) + 1?
-3
What is (-8 - -10) + (-2 - -1)?
1
3 + -1 - ((0 - -10) + -3)
-5
Calculate 13 + 24 + -26 + 1 + -3.
9
What is the value of -3 - (6 + -21 - (-7 + 2))?
7
10 + -8 + 1 + -2
1
What is 7 - (-5 - (4 + -14))?
2
Evaluate 0 + (1 - (4 + -7)).
4
-2 + (-2 - -2 - 2)
-4
What is the value of -8 - (-9 - (14 - 8))?
7
-2 + (0 - -1) + (-16 - -15)
-2
What is the value of 0 + 1 + 1 + -12 + 11?
1
What is the value of (-11 - -12) + (3 - 1)?
3
What is -3 + 2 - (0 